et z(n) = 15*n - 57. Let x be z(7). What is the greatest common factor of x and 6?
6
Let g = 50 + 5. What is the greatest common factor of g and 11?
11
Let j = -97 - -104. What is the greatest common divisor of 7 and j?
7
Suppose 3*l - 2*l - 8 = 0. Let z(v) = -v**2 + v + 2. Let d be z(-2). Let p = l + d. Calculate the greatest common factor of p and 32.
4
Suppose 0 = 2*y - 3 - 29. Let z(l) = 2*l**2 - 7*l + 14. Let t be z(10). What is the greatest common divisor of y and t?
16
Suppose 0 = 3*q - 6*q + 45. Let s be -7*(0 - -3)*-1. Let p = s - 6. Calculate the highest common factor of q and p.
15
Let g be (-16)/(-12) - 4/(-6). Let v(x) = -2*x + 2. Let h be v(-10). Let d be 8*(-3)/(-24)*h. What is the greatest common factor of d and g?
2
Let s(t) = -t**2 + 7*t - 4. Let a be s(5). What is the highest common factor of 24 and a?
6
Let v = 6 + 1. Let w(h) = h**3 - 5*h**2 - 8*h - 4. Let p be w(v). Suppose p = r - 34. What is the highest common divisor of 9 and r?
9
Suppose -9*b + 112 = -5*b. Suppose 2*v + b = -0*v. Let w = 59 + v. Calculate the greatest common divisor of w and 15.
15
Suppose -x - 747 = -4*a + 90, -413 = -2*a - 5*x. Calculate the highest common factor of 19 and a.
19
Let q = 3 - 28. Let i be (q/10)/(2/(-220)). What is the highest common divisor of 25 and i?
25
Let a(j) = -31*j + 1. Let r be a(-2). Calculate the greatest common divisor of 7 and r.
7
Let m be (-2)/(-7) - 0 - 6798/(-21). Calculate the highest common factor of m and 36.
36
Suppose -5*s - 5*c + 105 = 0, -3*s - 2*c + 96 = 2*s. Calculate the greatest common divisor of s and 198.
18
Let r(p) = -p**2 + 4*p - 6. Let l be r(4). Let s be l*(-16)/6 + 4. What is the highest common divisor of s and 50?
10
Let k be ((-22)/66)/(1/(-63)). What is the greatest common factor of k and 3?
3
Let p(u) = -u**2 + 16*u - 4. Let h be p(15). What is the greatest common divisor of 33 and h?
11
Let l(j) = 6*j**3 + j**2 + 6*j - 2. Let u be l(3). Suppose -5*f + 105 = 5*x, 10*f - 5*f - 71 = -3*x. Calculate the highest common divisor of u and x.
17
Let n be -2 + 5 - (-10)/5. Suppose -11 = n*l - 46. Suppose 4*k = 3*k - 5*s + 55, 5*s = 20. What is the greatest common factor of k and l?
7
Suppose -2*m + 18 = m. Calculate the greatest common factor of 54 and m.
6
Let t be 3 - 1 - (-1 + 1). Suppose -c - 3 = -t*x, 0 = 4*x + 4*c + c - 13. What is the greatest common factor of x and 2?
2
Suppose -2*l = -l + 2*u - 20, -5*u = -3*l + 115. Let b = -82 - -157. Calculate the highest common factor of l and b.
15
Let l be (2 + -5)*(-32)/12. What is the greatest common divisor of l and 12?
4
Suppose -5*k - 7*t + 3*t = 16, 3*t + 12 = -2*k. Suppose k = -2*b, 2*p = 4*p - 2*b - 24. What is the greatest common factor of 30 and p?
6
Let j = -24 - -75. Suppose -12 = -q + j. What is the highest common factor of q and 21?
21
Suppose 41 = -4*z + 5*q, -3*q - 3 = z - 14. Let n be (-2)/z + 3/(-2). Let d be 24 - (-1 - (1 - n)). What is the greatest common factor of d and 9?
9
Suppose d + 5 = 4*v, -4*d - 5 + 40 = -5*v. Calculate the greatest common factor of 15 and d.
15
Let p = -4 - -8. Suppose p*r - 138 = 502. Calculate the greatest common divisor of 20 and r.
20
Suppose n + 2*c - 7 = 0, -5*c - 51 = -5*n + 44. Suppose n - 60 = -5*d. Let l be (-1)/(62/63 - 1). What is the greatest common factor of d and l?
9
Let w(s) = 2*s**2 - 6*s + 2. Let l be w(4). Let x(h) = -3*h**2 + 3*h - 1. Let f be x(2). Let o = f + l. Calculate the greatest common divisor of o and 6.
3
Suppose -260 = -4*c - c. What is the highest common factor of 26 and c?
26
Let c(j) = j**3 + 6*j**2 + 2*j + 1. Let t be c(-5). Suppose 4*k = 6*k - 48. Calculate the highest common factor of k and t.
8
Let w(r) = -r**3 - 15*r**2 - 8*r - 16. Let m be w(-15). Calculate the greatest common divisor of m and 13.
13
Let v = -120 + 132. Calculate the highest common factor of v and 8.
4
Let k be (-8)/2*55/(-2). Let m = -84 - -94. What is the greatest common factor of m and k?
10
Suppose -5*p = -8*p + 189. What is the greatest common divisor of 9 and p?
9
Suppose -3*v + 105 = -90. Suppose 0 = k - 3*n - 11, 0 = -5*k + k - 2*n + 114. Calculate the highest common divisor of v and k.
13
Let z = 376 + -354. Let x be (-1058)/(-6) + (-1)/3. Calculate the highest common divisor of z and x.
22
Let r(u) = u**3 + 4*u**2 - 2*u + 2. Let x be r(-4). What is the highest common factor of x and 2?
2
Let m = 182 - 85. Suppose 2*b + 33 - m = 0. What is the greatest common divisor of b and 80?
16
Suppose 0 = 5*i - i - 168. Calculate the highest common divisor of i and 14.
14
Let k(z) = -z + 16. Let y be k(6). What is the highest common factor of 170 and y?
10
Let n(o) = o**2 + 8*o + 10. Let c be n(-7). Suppose -3*s + c = d - 5*s, 3*d - 42 = -5*s. What is the highest common factor of d and 45?
9
Suppose -2*z + 195 = 3*u - 213, 5*z = 0. Let f = 27 + -10. What is the highest common divisor of u and f?
17
Let a(j) = -j**2 + 3*j + 2. Let p be a(3). Suppose 0*k = -k + p. What is the greatest common divisor of 1 and k?
1
Suppose 0 = 3*x + x - 2*c - 14, 0 = 3*c + 3. Suppose -x*d + 36 = -d. What is the greatest common divisor of 162 and d?
18
Let l = 41 - -22. Suppose 2*q - l = 3*b, -b + 95 = 3*q - 6*b. Let f = 8 - 3. What is the greatest common divisor of q and f?
5
Let y = 70 - -10. Let t be 18/(-15)*(-40)/3. What is the highest common divisor of t and y?
16
Let i = -35 - -43. Calculate the highest common divisor of i and 8.
8
Suppose -4*z - 12 = 0, -3*z = 3*m - 19 - 32. Suppose 5*y + 0*y - 25 = 0. Calculate the greatest common factor of m and y.
5
Let u(o) = o**3 + 7*o**2 - 2*o + 7. Let j(f) = f - 3. Let d be j(-3). Let r be u(d). What is the greatest common divisor of 11 and r?
11
Suppose -4*u + 55 = -5. Suppose 8*g = 6*g - 58. Let o be g/(-6) + (-1)/(-6). Calculate the greatest common divisor of o and u.
5
Suppose -k = f, 3*f - 3 = -5*k - f. Suppose -5*d = -173 + k. What is the greatest common factor of 17 and d?
17
Let a = -56 - -26. Let m be (24/(-10))/(12/a). Calculate the greatest common divisor of m and 42.
6
Let f(g) = g + 31. Suppose 0*j = -2*j - 22. Let a be f(j). What is the greatest common factor of 220 and a?
20
Let n(f) = -28*f + 2. Let h be n(6). Let j = 232 + h. What is the greatest common divisor of j and 6?
6
Suppose 0 = -2*y - 10 + 48. Calculate the greatest common divisor of 171 and y.
19
Let w be (5 + -2)/((-3)/(-2)). Suppose -j + 3*m = -0*j + 2, -4 = -w*j + 2*m. Calculate the greatest common divisor of j and 10.
2
Suppose 40 = 4*d + 4*q, d + 6 = -5*q - 4. What is the highest common divisor of d and 15?
15
Let l = -76 - -224. Calculate the highest common divisor of l and 37.
37
Let l = -37 - -59. Let s be (-1)/(-1) + 109 + 0. Calculate the greatest common factor of s and l.
22
Let i = 189 - 21. Calculate the highest common divisor of 24 and i.
24
Suppose -3*o = -121 - 239. What is the greatest common factor of 15 and o?
15
Let p(f) = 4*f**2 - 16*f + 2. Let h be p(8). What is the greatest common divisor of 10 and h?
10
Suppose -2*t = -4*b - t + 13, 0 = -5*b + 2*t + 17. Suppose b = w - 7. Calculate the greatest common factor of 70 and w.
10
Let y(i) = i**2 + 3*i. Let m be y(3). Let u(d) = -31*d - 4. Let l be u(-1). What is the greatest common divisor of l and m?
9
Let q(g) = g**3 - 10*g**2 - 10*g + 3. Let b be q(11). Calculate the highest common factor of b and 28.
14
Let x = 54 - 20. What is the greatest common divisor of x and 51?
17
Suppose 3*a + 81 + 27 = 0. Let u = -22 - a. Calculate the highest common factor of 112 and u.
14
Suppose 4*j - 133 = -5*p, 0*j = 3*j - 2*p - 71. Calculate the highest common factor of 108 and j.
27
Let z be (-1 - (-30)/1) + 1. Calculate the highest common divisor of 12 and z.
6
Let c(u) = -3 - 1 + 9*u**2 + 3. Let x be c(-1). Let i = 17 - x. Calculate the greatest common divisor of i and 63.
9
Let g be -447*32/(-72) + (-4)/6. Calculate the greatest common factor of g and 18.
18
Suppose 112 = 6*k - 8. Calculate the greatest common divisor of k and 20.
20
Suppose -13*k = -4*k - 1890. What is the greatest common divisor of k and 21?
21
Suppose 2*l - 4*l = -3*d - 22, -4*l + 4*d = -40. Calculate the highest common factor of l and 2.
2
Suppose -47 - 33 = -5*h. Let r = -24 - -40. Suppose -3*a - r = -7*a. Calculate the greatest common factor of h and a.
4
Suppose -66*